 the greatest common divisor of 752 and 224284?
188
Calculate the greatest common factor of 80242 and 30280.
1514
Calculate the highest common divisor of 48 and 260448.
48
Calculate the greatest common divisor of 43720 and 1960.
40
What is the highest common divisor of 1180 and 8555?
295
What is the highest common factor of 8845 and 1275?
5
What is the highest common divisor of 544243 and 49?
49
Calculate the greatest common divisor of 271244 and 304.
76
What is the highest common divisor of 370 and 548155?
185
Calculate the greatest common factor of 145236 and 84.
84
Calculate the highest common divisor of 1482 and 1444.
38
Calculate the greatest common factor of 544 and 10784.
32
Calculate the greatest common factor of 486 and 2304.
18
Calculate the greatest common divisor of 1469799 and 9.
9
Calculate the greatest common divisor of 1130 and 7345.
565
Calculate the greatest common divisor of 521442 and 40262.
982
Calculate the greatest common factor of 33 and 21769.
11
What is the highest common divisor of 46 and 1024558?
46
Calculate the highest common factor of 3036 and 54372.
276
Calculate the highest common divisor of 20982 and 117.
39
Calculate the greatest common factor of 1060 and 4090010.
530
Calculate the highest common divisor of 3172 and 20496.
244
Calculate the greatest common factor of 60 and 303708.
12
Calculate the highest common divisor of 41 and 64903.
41
Calculate the highest common divisor of 166759 and 296.
37
Calculate the highest common factor of 384 and 8232.
24
Calculate the greatest common divisor of 32700 and 125.
25
What is the highest common divisor of 985 and 305?
5
Calculate the greatest common divisor of 21762 and 8928.
558
What is the highest common divisor of 30 and 734430?
30
Calculate the greatest common factor of 22905 and 450.
45
What is the highest common divisor of 351466 and 94?
94
Calculate the highest common divisor of 960 and 120.
120
What is the greatest common factor of 31602 and 52212?
1374
What is the greatest common factor of 475 and 225?
25
What is the highest common divisor of 150 and 1608?
6
What is the greatest common factor of 38625 and 2400?
75
Calculate the greatest common divisor of 99027 and 45.
9
What is the highest common divisor of 1411535 and 10?
5
What is the highest common factor of 77 and 21049?
7
Calculate the greatest common factor of 37854 and 1656.
18
What is the greatest common factor of 16 and 17096?
8
What is the greatest common divisor of 33 and 20086?
11
Calculate the greatest common factor of 56444 and 618.
206
Calculate the greatest common divisor of 2736784 and 64.
16
What is the highest common factor of 66304 and 226884?
1036
What is the highest common divisor of 326144 and 15925?
637
Calculate the highest common divisor of 2781 and 22383.
27
Calculate the greatest common divisor of 1653 and 77169.
87
Calculate the highest common factor of 3489668 and 364.
364
What is the greatest common divisor of 7986 and 3630?
726
Calculate the highest common factor of 840 and 101850.
210
Calculate the greatest common factor of 2789689 and 259.
259
What is the highest common divisor of 2516 and 59704?
68
What is the greatest common divisor of 84 and 39354?
42
Calculate the greatest common divisor of 30 and 217935.
15
What is the greatest common divisor of 9380 and 364?
28
Calculate the highest common divisor of 76 and 716566.
38
Calculate the greatest common factor of 2615 and 30.
5
What is the greatest common divisor of 1602194 and 1254?
418
Calculate the greatest common factor of 10098 and 264.
66
What is the highest common divisor of 100 and 63820?
20
What is the greatest common factor of 72675 and 34561?
323
What is the highest common divisor of 161 and 15571?
23
What is the greatest common factor of 190721 and 33323?
709
What is the greatest common divisor of 45 and 82695?
15
What is the greatest common factor of 194 and 568517?
97
What is the greatest common divisor of 26335 and 27709?
229
What is the greatest common factor of 2025 and 3969?
81
What is the highest common divisor of 169 and 55679?
13
What is the highest common factor of 25114 and 14722?
866
What is the greatest common divisor of 168 and 60456?
24
Calculate the greatest common factor of 80726 and 223.
223
Calculate the highest common factor of 165935 and 5215.
35
What is the highest common factor of 623454 and 390?
78
Calculate the highest common factor of 177002 and 269.
269
What is the highest common divisor of 160256 and 1280?
256
Calculate the greatest common divisor of 19647 and 6327.
333
Calculate the greatest common factor of 42 and 72366.
42
Calculate the greatest common factor of 73575 and 3375.
675
What is the greatest common divisor of 15 and 270705?
15
Calculate the greatest common factor of 11 and 93742.
11
Calculate the highest common divisor of 35060 and 80.
20
What is the highest common divisor of 63 and 574371?
63
What is the highest common divisor of 3108 and 300?
12
Calculate the greatest common divisor of 43 and 1239991.
43
Calculate the greatest common factor of 1934639 and 13023.
1447
What is the highest common divisor of 5 and 18895?
5
What is the highest common divisor of 1496115 and 540?
45
What is the greatest common divisor of 13 and 221221?
13
What is the highest common factor of 4 and 134768?
4
Calculate the greatest common factor of 26962 and 238.
34
What is the highest common divisor of 7500 and 54375?
1875
What is the highest common factor of 45732 and 7107?
309
Calculate the greatest common divisor of 60 and 1719780.
60
What is the highest common factor of 544 and 130456?
8
Calculate the highest common divisor of 10225222 and 721.
721
What is the greatest common divisor of 6860 and 735?
245
What is the greatest common factor of 1794331 and 2695?
539
Calculate the highest common factor of 820668 and 24.
12
Calculate the highest common factor of 14681 and 424.
53
What is the greatest common factor of 491680 and 80?
80
Calculate the greatest common divisor of 2187 and 166455.
243
Calculate the greatest common divisor of 102 and 5638254.
102
Calculate the highest common divisor of 5100 and 3900.
300
What is the highest common divisor of 1364 and 1076878?
682
What is the greatest common divisor of 155 and 1742293?
31
Calculate the highest common divisor of 9058 and 70.
14
What is the greatest common divisor of 2299 and 37752?
121
Calculate the greatest common divisor of 557 and 764761.
557
Calculate the greatest common divisor of 13087 and 2898.
23
Calculate the highest common factor of 87552 and 32490.
342
Calculate the greatest common divisor of 396910 and 3420.
190
Calculate the greatest common divisor of 213058 and 3070.
614
What is the greatest common divisor of 5364 and 140209?
149
Calculate the highest common factor of 1572 and 1884.
12
Calculate the greatest common divisor of 104 and 401804.
52
What is the greatest common divisor of 12 and 337476?
12
Calculate the highest common divisor of 13608 and 21.
21
What is the greatest common divisor of 28256 and 2656?
32
What is the greatest common divisor of 58975 and 525?
175
What is the greatest common factor of 360 and 2173995?
45
Calculate the highest common divisor of 772436 and 980.
196
What is the highest common divisor of 68 and 72862?
34
What is the highest common factor of 208 and 76778?
26
Calculate the greatest common factor of 1742 and 37934.
26
Calculate the highest common divisor of 42128 and 48.
16
Calculate the greatest common factor of 4954 and 4.
2
What is the highest common factor of 15044 and 12?
4
What is the highest common divisor of 64032 and 522?
174
What is the greatest common divisor of 5724 and 14151?
159
Calculate the highest common factor of 15686 and 5797.
341
Calculate the greatest common divisor of 1710 and 76.
38
What is the greatest common factor of 36874 and 24702?
358
Calculate the greatest common factor of 5307 and 348.
87
What is the greatest common divisor of 323 and 12427?
17
Calculate the greatest common divisor of 2204 and 1947234.
1102
Calculate the greatest common divisor of 4 and 287512.
4
What is the highest common factor of 8584 and 18270?
58
What is the greatest common factor of 216 and 207?
9
What is the greatest common divisor of 4429 and 11051?
43
What is the greatest common